etermine w(-6).
1
Let h(s) = 4 - s**3 + 2*s**3 - 4 + 2*s + 7 + 8*s**2. Give h(-8).
-9
Let f(t) = 4 + 40*t - 3 - 19*t - 18*t. Let d = 3 + -5. Give f(d).
-5
Let o(b) be the third derivative of b**6/60 + b**5/30 - b**4/12 + b**3/6 - b**2. Determine o(1).
3
Let a(g) = 6*g**3 + 12*g**2 + 5*g + 5. Let z(i) = -i**3 - i**2. Let d(q) = -a(q) - 5*z(q). Determine d(-6).
-11
Let u(s) = -s + 2. Let h be 228/14 + 10/(-35). Let j = -14 + h. Determine u(j).
0
Let l be ((-6)/(-8))/(2/8). Suppose 0 = -3*s - 7*i + 3*i + 21, -5*s - 2*i = -21. Let p(f) = -2*f - f**s + 3*f**2 + f + 2*f**l. Determine p(-3).
3
Suppose 19*a - 15 = 16*a. Let r(u) = u**3 - 4*u**2 - 3*u - 7. Calculate r(a).
3
Let j(c) = c. Let u(b) = -b**3 + b**2 + 3*b + 8. Let p(y) = -2*j(y) + u(y). Let m(k) = 3*k**2 - 2*k**2 - 3*k + 2*k. Let h be m(1). Calculate p(h).
8
Let c = 0 + -1. Let g(z) be the second derivative of -3*z**5/20 - z**4/12 + z**2/2 - 2*z. Calculate g(c).
3
Let a(y) = -2*y + 4. Let o be a(8). Let d be 3/o + (-19)/4. Let u(c) be the third derivative of c**6/120 + c**5/15 - c**4/6 + c**3 - 34*c**2. Give u(d).
1
Let s(q) = -3*q + 1. Let a(x) = 7*x - 2. Let m(u) = 4*a(u) + 9*s(u). Let r(o) = -o + 5. Let j(z) = -4*m(z) + r(z). Let i be (-2 + 1)*(2 + -1). Calculate j(i).
6
Let u(h) = -h + 1. Let j(t) = -t**2 - 10*t. Let s be j(-9). Let m = 6 - s. Calculate u(m).
4
Let x(l) be the second derivative of -5*l**3/6 + 3*l**2/2 - 3*l. What is x(2)?
-7
Let j(l) = -1. Let x(i) = 16*i - 3. Let f(m) = 4*j(m) - x(m). What is f(1)?
-17
Let c(k) = k - 11. Let x(v) = v - 10. Let q(d) = -5*c(d) + 6*x(d). What is q(10)?
5
Let l(x) be the second derivative of -x**6/360 - x**5/30 + 7*x**4/24 - x**3/3 + x. Let v(q) be the second derivative of l(q). Give v(-5).
2
Let k(n) be the third derivative of -7*n**6/120 + n**2. Let d(w) = w**3 + w + 1. Let a(o) = -o**2 - 1. Let l(q) = -a(q) - d(q). Let f be l(1). Calculate k(f).
7
Suppose -3 = v - 0. Let f(c) = -2*c**2 - 5*c - 3. Calculate f(v).
-6
Let l(k) = 0*k - 4 - 5*k**3 - 2 + k + 5. What is l(1)?
-5
Let n(o) = 6*o - 1. Let u(q) = -4*q - 1 + 2*q + 9*q. Let v(t) = -3*n(t) + 2*u(t). Let f be (-1)/4 + (-6)/8. Determine v(f).
5
Let u(y) = -y. Let j(i) = -i**2 - 7*i - 2. Let d(g) = j(g) - 2*u(g). Determine d(-5).
-2
Let q = 7 + -5. Let u(y) = 2 + q - 5 + y. What is u(0)?
-1
Let w(j) = j**3 - 2*j**2 + 4*j - 2. Let z(q) be the first derivative of -q**2/2 + q - 3. Let t be z(-1). Determine w(t).
6
Let d(t) = -t**2 - 4*t + 3. Let x(j) = -3*j**2 - 12*j + 8. Let m(c) = -11*d(c) + 4*x(c). Suppose 1 = -i - 3. Give m(i).
-1
Suppose -4*l + 4 = -2*d, -3*d + 2*l = -2*l + 2. Suppose -g = -d*g. Let p(q) = -q**3 - q**2 + 6. What is p(g)?
6
Let o = 0 - -2. Suppose 5 = o*w - 1. Let y(t) = 2 - t**2 + 3*t + 0*t**2 + w. Calculate y(5).
-5
Let d(g) = g - 3. Let u be d(5). Let v(r) = 2*r**2 + 1 + 0*r**u + r - r**2 - 2. Give v(0).
-1
Let x(m) = 2*m - 1. Let h(b) = 4 - 3 + 1 - 2*b. Let j(p) = 4*h(p) + 5*x(p). What is j(4)?
11
Let n(j) = -14*j + 14. Let k(d) = -5*d + 5. Let t(a) = 11*k(a) - 4*n(a). What is t(0)?
-1
Let q(i) be the second derivative of i**4/12 + 2*i**3/3 + i**2/2 - 19*i. Calculate q(-5).
6
Let o be 7 + (-1 - 3/3). Suppose -r - 34 = -o*j - 9, -j - 9 = -3*r. Suppose -3*x + 3*t + j + 3 = 0, -4*x - 16 = 3*t. Let u(c) = -c**3 + c + 1. What is u(x)?
1
Let h(p) = 2*p - 2. Let f(b) = b - 1. Let k(n) = -5*f(n) + 3*h(n). What is k(5)?
4
Let u(j) be the third derivative of -j**6/120 + j**5/15 - j**4/24 + j**3/6 - 25*j**2. Let f = 7 + -5. Suppose -z = f - 6. Give u(z).
-3
Suppose -4*h + 9 = 3*n, 2*n = -h - 2*h + 8. Let x(u) = -2*u + 7. What is x(h)?
-5
Let r(i) be the third derivative of -i**4/24 + i**3/3 - i**2. Let v be 6/(-4)*(2 + -4). Suppose n + 5 = 0, -3*m + 6*m = -v*n. Calculate r(m).
-3
Let k(j) = 2*j - 5. Let z(q) = 5*q - 11. Let x(g) = 7*k(g) - 3*z(g). Suppose 2*p - 16 = 4*o, 6*p + 5*o - 70 = p. Let i be ((-6)/p)/(2/(-20)). Determine x(i).
-7
Suppose 0 = -5*j + u + 7, -4 = j - 2*u - 0. Let o(q) be the first derivative of 3*q**2/2 + 92. Calculate o(j).
6
Let t(y) = -19*y - 8 - 13*y + 29*y. Determine t(6).
-26
Let n(t) = 3 + 6 + 0*t + t. Let w(h) = 2*h + 17. Let m(x) = -7*n(x) + 4*w(x). Suppose -4*r = -4*q - 8, 3*r = q + r + 4. Calculate m(q).
5
Let s(c) = c**2 - 4*c - 4. Let j = -38 + 63. Suppose 0*r - 5*r + j = 0. What is s(r)?
1
Let l = -14 + 18. Suppose l*w + 5 = -5*g, -18 = 3*g - w + 2. Let x(d) = -2*d - 4. What is x(g)?
6
Let h be (-4)/(-10) - 32/5. Let l = -7 - h. Let w(i) = i - 1. Give w(l).
-2
Let q(d) = d + 1. Let k be q(-3). Let b(r) = -2*r**3 - 4*r**2 - 2*r. What is b(k)?
4
Let o be 11*(1 - (1 + 1)). Let a(c) = 0*c - c + 5 - 12 - 1. Let l(i) = -2*i - 15. Let b(t) = o*a(t) + 6*l(t). Determine b(2).
-4
Let k = 6 + -3. Let j(m) = 3*m**2 + 5*m**2 + 1 - k*m + 4*m. Let u(n) = n**2 - 6*n - 1. Let v be u(6). Determine j(v).
8
Let o(u) = u**3 + 12*u**2 + u + 8. Let r be o(-12). Let h(g) = -4*g - 6. Let c(v) = -9*v - 13. Let k(d) = -2*c(d) + 5*h(d). What is k(r)?
4
Let v(n) = -n + 6. Suppose 3*h = 0, 4*h - 1 = -j - 4. Let l be 33/4 - 1/4. Let d be 1 + 1*(l + j). Give v(d).
0
Suppose -5 = -5*z + 5. Let h(u) = -3*u**3 + 4*u**2 - 4*u + 4. Let r(l) = 13*l**3 - 17*l**2 + 16*l - 17. Let p(m) = 9*h(m) + 2*r(m). Determine p(z).
-6
Let y(h) = -h**3 - 4*h**2 - 2*h + 2. Let k(z) = z**3 + z**2 - 9*z - 7. Let f be k(-3). Suppose b + 4 = -f*p + p, p = 2*b + 2. Give y(p).
-2
Let f be 0 - (-3)/(-12) - (-57)/(-12). Let c(u) be the third derivative of u**4/24 + u**3/6 + u**2. Give c(f).
-4
Let o(m) = 11 - 5*m**2 + m**3 - 6 - 2. Let x(c) = 2*c - 3. Let h be x(4). Calculate o(h).
3
Let f = 0 + 1. Let t(b) = -b**2 - 3*b - 3*b**3 - f + 0 + 2*b - b**3. Determine t(-1).
3
Suppose r - 5*q - 25 = -0*r, 5 = -q. Let n(o) = 4*o + 6 - o**3 + 0 + 0 + r*o + 4*o**2. Calculate n(5).
1
Let v(n) = 9*n - 2. Let g(b) = -b. Let s(u) = 6*g(u) + v(u). Suppose q + 2*q - 12 = 0. Suppose t = 2*z - q, -2*z = -3*t + z - 3. Calculate s(t).
4
Let i = -1 + 3. Let n(g) = -2*g - 14. Let h(k) = -k - 5. Suppose 6*l = u + 2*l + 7, l = 2*u + 14. Let r(t) = i*n(t) + u*h(t). Determine r(-5).
-8
Let q(m) be the second derivative of m**3 + m**2/2 + m. Suppose -3*l - 11 - 1 = 0. Let y be (-3)/(12/l) - 0. Give q(y).
7
Let f(t) be the first derivative of -4*t - 1/2*t**2 - 2. Give f(-5).
1
Let g(r) be the third derivative of r**6/30 + r**5/10 + r**4/4 + r**3/6 + 2*r**2. Let b(h) = 5*h**3 + 5*h**2 + 5*h + 1. Let o(m) = -5*b(m) + 4*g(m). Give o(-1).
8
Let r(l) = 9*l - l**2 + 1 - 5*l**2 - 3*l + 5*l**2. What is r(7)?
-6
Let x(f) = -f**3 + 7*f**2 - 13*f + 13. Let h be x(5). Let d(a) = 2*a**2 - 1. Determine d(h).
7
Suppose 0*c = c + 4*m - 15, 0 = 4*c - 5*m + 45. Let a(d) = d + 14. Let s(b) = 2*b + 28. Let u(g) = c*a(g) + 2*s(g). Calculate u(-6).
-8
Let p(k) = k - 111*k**2 + 219*k**2 - 112*k**2 - 1. Calculate p(1).
-4
Let u = 9 + -5. Suppose 2*n = 4*j - 0*n - u, 0 = -4*j - n - 2. Let y(w) = w**2 - 6. Determine y(j).
-6
Let k(b) be the first derivative of -b**2/2 + 5*b + 3. Suppose 3 - 8 = -m. Suppose -3*y + l = 2 + 3, -m*y = 4*l - 20. Give k(y).
5
Let q be -3*2/(-6)*2. Let j(w) = -4*w**2 + 2*w**2 + 2*w**2 - w**q. Give j(-2).
-4
Let y(k) = k**3 + 6*k**2 + 5*k + 8. Let d = -87 + 81. Calculate y(d).
-22
Suppose 0 = 3*s - 1 - 2. Suppose -f + s = -1. Suppose -f*o - x + 7 = 0, -5*o = 2*x - 9 - 9. Let t(a) = -a**3 + 5*a**2 - 7*a + 4. Determine t(o).
-8
Let k(c) = -c**3 + 6*c**2 - 6. Suppose -3*v + 4*h - 20 = -7*v, -4*v + h = -25. What is k(v)?
-6
Let v be (1 - 5) + 10 + -1. Let m(h) = -h**3 + 4*h**2 + 6*h + 1. Let u(s) = s**3 - 4*s**2 - 6*s. Suppose -2*z - 6 = -4*z. Let o(a) = z*m(a) + 4*u(a). Give o(v).
-2
Let p(v) be the second derivative of -v**5/20 + 5*v**4/12 + 5*v**3/6 + 5*v. Determine p(6).
-6
Suppose 0 = -4*i + 17 - 9. Let n(x) = x - 1. Give n(i).
1
Let i = -2 + 7. Let h(u) be the first derivative of u**2/2 - 7*u + 11. Give h(i).
-2
Let c(s) be the second derivative of 2/3*s**3 + 0 - 3/2*s**2 + 1/12*s**4 + s. Determine c(-3).
-6
Suppose 9*k - 4*k = 0. Let q(d) = -d - 4. Determine q(k).
-4
Let p be 1/3 + (-1)/3. Let u(m) = m - 5. Let k be u(4). Let f be p*k/2 - -4. Let i(o) = o**3 - 4*o**2 - o - 4. Calculate i(f).
-8
Let s(c) = c + 1. Suppose -7 = 3*g + 8. Determine s(g).
-4
Let f be (-111)/(-21) + (-2)/7. Let m(i) = -i. Let k be m(f). Let y(w)